f 6030464?
2, 11, 4283
What are the prime factors of 479627?
269, 1783
What are the prime factors of 182492?
2, 43, 1061
List the prime factors of 203342.
2, 293, 347
What are the prime factors of 320577?
3, 106859
What are the prime factors of 1374246?
2, 3, 17, 499
List the prime factors of 3003386.
2, 23, 109, 599
List the prime factors of 1239652.
2, 479, 647
List the prime factors of 1808948.
2, 137, 3301
What are the prime factors of 1707678?
2, 3, 7, 13553
What are the prime factors of 335007?
3, 37223
What are the prime factors of 1855686?
2, 3, 7, 17, 23, 113
List the prime factors of 14822295.
3, 5, 233, 4241
List the prime factors of 357375.
3, 5, 953
What are the prime factors of 60838?
2, 19, 1601
List the prime factors of 192438.
2, 3, 10691
List the prime factors of 660727.
660727
List the prime factors of 9798.
2, 3, 23, 71
What are the prime factors of 981346?
2, 43, 11411
List the prime factors of 52529.
52529
List the prime factors of 111931.
173, 647
List the prime factors of 9127123.
37, 59, 113
List the prime factors of 14492519.
14492519
What are the prime factors of 56036?
2, 14009
List the prime factors of 109667.
17, 6451
List the prime factors of 6365539.
47, 167, 811
List the prime factors of 16085214.
2, 3, 317, 2819
List the prime factors of 1808284.
2, 61, 7411
What are the prime factors of 704793?
3, 234931
List the prime factors of 4724740.
2, 5, 337, 701
What are the prime factors of 22613124?
2, 3, 1884427
List the prime factors of 869920.
2, 5, 5437
What are the prime factors of 742250?
2, 5, 2969
List the prime factors of 37866.
2, 3, 6311
What are the prime factors of 224317?
224317
What are the prime factors of 731444?
2, 7, 151, 173
List the prime factors of 237386.
2, 19, 6247
List the prime factors of 13847053.
11, 41, 30703
List the prime factors of 5055546.
2, 3, 41, 20551
What are the prime factors of 669114?
2, 3, 12391
List the prime factors of 2957082.
2, 3, 17, 53, 547
List the prime factors of 26954094.
2, 3, 4492349
What are the prime factors of 294809?
294809
List the prime factors of 4448837.
4448837
What are the prime factors of 1730851?
1730851
What are the prime factors of 263054?
2, 11, 1087
What are the prime factors of 919430?
2, 5, 91943
List the prime factors of 1836368.
2, 114773
What are the prime factors of 94672?
2, 61, 97
List the prime factors of 37840.
2, 5, 11, 43
List the prime factors of 1602087.
3, 534029
List the prime factors of 35580.
2, 3, 5, 593
List the prime factors of 194864.
2, 19, 641
What are the prime factors of 461233?
461233
List the prime factors of 94602.
2, 3, 15767
List the prime factors of 224326.
2, 112163
List the prime factors of 524164.
2, 131041
What are the prime factors of 249865?
5, 7, 11, 59
What are the prime factors of 11126274?
2, 3, 1854379
List the prime factors of 224460.
2, 3, 5, 29, 43
What are the prime factors of 5881889?
13, 452453
What are the prime factors of 8009468?
2, 227, 8821
List the prime factors of 4009264.
2, 7, 35797
List the prime factors of 199613.
433, 461
What are the prime factors of 1696665?
3, 5, 113111
List the prime factors of 305075.
5, 12203
List the prime factors of 10472940.
2, 3, 5, 83, 701
List the prime factors of 5000233.
7, 701, 1019
List the prime factors of 2001447.
3, 7, 31769
What are the prime factors of 586561?
37, 83, 191
What are the prime factors of 211948?
2, 11, 4817
What are the prime factors of 608865?
3, 5, 40591
List the prime factors of 221704.
2, 7, 37, 107
List the prime factors of 7598299.
79, 96181
What are the prime factors of 5899076?
2, 1474769
What are the prime factors of 960797?
349, 2753
List the prime factors of 139153.
7, 103, 193
What are the prime factors of 987115?
5, 197423
What are the prime factors of 1360845?
3, 5, 30241
List the prime factors of 775640.
2, 5, 19391
What are the prime factors of 3189481?
59, 54059
List the prime factors of 24866153.
13, 147137
List the prime factors of 2711122.
2, 79, 17159
List the prime factors of 6368507.
83, 277
List the prime factors of 165241.
149, 1109
What are the prime factors of 12001515?
3, 5, 23, 43, 809
What are the prime factors of 56394?
2, 3, 13, 241
List the prime factors of 28046511.
3, 389, 8011
What are the prime factors of 21222612?
2, 3, 181, 3257
List the prime factors of 446420.
2, 5, 13, 17, 101
What are the prime factors of 592300?
2, 5, 5923
List the prime factors of 32098.
2, 11, 1459
List the prime factors of 24986072.
2, 1583, 1973
List the prime factors of 213433.
11, 19403
What are the prime factors of 357539?
7, 13, 3929
List the prime factors of 1077809.
61, 17669
What are the prime factors of 31462007?
31462007
What are the prime factors of 30813?
3, 10271
What are the prime factors of 181858?
2, 79, 1151
List the prime factors of 21896916.
2, 3, 1824743
List the prime factors of 431763.
3, 43, 3347
What are the prime factors of 1233283?
23, 29, 43
List the prime factors of 13269440.
2, 5, 41467
List the prime factors of 5195676.
2, 3, 17, 25469
What are the prime factors of 8924353?
2203, 4051
What are the prime factors of 233291?
17, 13723
List the prime factors of 13717766.
2, 751, 9133
What are the prime factors of 67078?
2, 11, 3049
What are the prime factors of 437067?
3, 48563
List the prime factors of 1279894.
2, 7, 11, 8311
List the prime factors of 330179.
73, 4523
List the prime factors of 35284438.
2, 7, 23, 109579
What are the prime factors of 293602?
2, 146801
What are the prime factors of 62658?
2, 3, 59
List the prime factors of 1931687.
61, 31667
What are the prime factors of 39661?
17, 2333
List the prime factors of 21589171.
21589171
What are the prime factors of 134284?
2, 59, 569
What are the prime factors of 253090?
2, 5, 25309
List the prime factors of 439908.
2, 3, 7, 5237
List the prime factors of 198121.
7, 11, 31, 83
List the prime factors of 815528.
2, 7, 14563
List the prime factors of 1167041.
211, 5531
What are the prime factors of 5881351?
7, 31, 27103
What are the prime factors of 3431724?
2, 3, 285977
List the prime factors of 636429.
3, 17, 12479
List the prime factors of 1078072.
2, 17, 7927
List the prime factors of 3296303.
1033, 3191
What are the prime factors of 4702004?
2, 367, 3203
List the prime factors of 3282997.
23, 47, 3037
What are the prime factors of 363410?
2, 5, 36341
List the prime factors of 1287129.
3, 429043
What are the prime factors of 297240?
2, 3, 5, 2477
What are the prime factors of 219813?
3, 11, 6661
What are the prime factors of 3308236?
2, 47, 17597
List the prime factors of 4808553.
3, 1602851
List the prime factors of 24213373.
24213373
What are the prime factors of 6766377?
3, 2255459
What are the prime factors of 311504?
2, 19469
What are the prime factors of 3031080?
2, 3, 5, 13, 29, 67
What are the prime factors of 4495359?
3, 11, 136223
What are the prime factors of 3503769?
3, 43, 157, 173
List the prime factors of 4579554.
2, 3, 7, 109037
List the prime factors of 6236228.
2, 1559057
What are the prime factors of 13485272?
2, 739, 2281
What are the prime factors of 2048222?
2, 11, 157, 593
What are the prime factors of 7664115?
3, 5, 510941
List the prime factors of 120433.
83, 1451
List the prime factors of 9201374.
2, 7, 13, 3889
What are the prime factors of 199484?
2, 49871
What are the prime factors of 20564051?
47, 437533
What are the prime factors of 68452?
2, 109, 157
What are the prime factors of 125186?
2, 53, 1181
List the prime factors of 13769209.
13769209
What are the prime factors of 964071?
3, 107119
List the prime factors of 560194.
2, 280097
What are the prime factors of 1358250?
2, 3, 5, 1811
What are the prime factors of 38891?
38891
What are the prime factors of 29863553?
29863553
List the prime factors of 43606.
2, 21803
List the prime factors of 5506489.
233, 23633
What are the prime factors of 689230?
2, 5, 157, 439
List the prime factors of 892045.
5, 7, 11, 331
List the prime factors of 9828254.
2, 4914127
What are the prime factors of 14311618?
2, 7155809
List the prime factors of 674522.
2, 337261
What are the prime factors of 7441464?
2, 3, 19, 16319
What are the prime factors of 2746118?
2, 1373059
List the prime factors of 171975.
3, 5, 2293
List the prime factors of 1522161.
3, 169129
What ar